= -5*x - 3*c. Is x composite?
True
Let a be 0 - 4/((-4)/3339). Suppose 0 = q + 17 - 12, 5776 = -3*z - 2*q. Let j = a - z. Is j composite?
False
Let d(j) = 2*j**2 - 22*j - 5. Let r(w) = -5*w + 12. Let y be r(-6). Let t = 63 - y. Is d(t) a prime number?
False
Suppose -1521 - 119 = 10*v. Is (v + 167)*2/(-6)*-4139 prime?
True
Let d(c) = -145*c + 13. Let x(o) = -218*o + 20. Let w(r) = 8*d(r) - 5*x(r). Let s be w(5). Let y = -125 - s. Is y prime?
False
Let g(z) = -87*z - 5. Let r(k) = -1. Let d(o) = -g(o) + 6*r(o). Suppose 26 = 5*t + 3*i, -3*t + 4*i + 4 + 0 = 0. Is d(t) a prime number?
True
Let o(c) = -3*c**2 - 1. Let f = -52 + 51. Let g be o(f). Is (-4)/6*(-2103)/g*-2 a prime number?
True
Let c = 1887 - -99. Let i = 3979 - c. Is i composite?
False
Let f be 1/3 - (200/24 + 1). Let o = 7 + -11. Is ((-60948)/(-16))/f*o composite?
False
Let n be 67/(-804) + 2/24. Suppose 4*y - 4 = n, -5*m - 3*y = -10*m + 48232. Is m a composite number?
True
Let x = 24 - 137. Let u = x + 115. Suppose 3*l = -3*d + 4518, 0 = -u*d + l + l + 2992. Is d a composite number?
True
Let y = 295 + -293. Suppose 0 = -y*o - o + 4893. Is o a composite number?
True
Suppose -242*o + 5*x = -246*o + 554103, -2*o - 5*x + 277049 = 0. Is o a composite number?
True
Suppose 10764 = w - 3*z, 6094 = w + 2*z - 4635. Is w a prime number?
False
Suppose -11670 = -80*r + 30250. Suppose 3*q - 8*q = 725. Let s = q + r. Is s composite?
False
Let z = 798 + -793. Let u(i) = 5*i**3 - i**2 + 6*i - 5. Let q be u(8). Suppose z*t = -2*g + q, -g + 1966 = -4*t + 716. Is g a composite number?
True
Suppose 49*f + 50*f - 4133341 = 70*f. Is f a prime number?
True
Let f(a) be the second derivative of -187*a**3/6 - 8*a**2 - 22*a. Let m be 98/(-21) - 2/6. Is f(m) composite?
False
Let w(c) = 32 + 22*c + 14*c + 35*c - 4*c. Let n be (18/4)/((75/(-10))/(-15)). Is w(n) prime?
False
Suppose o = 2*o - 28. Let p = o - 28. Suppose 6*d - 180 - 390 = p. Is d a prime number?
False
Suppose 240925 = 76*s - 53*s. Let g = s + -2497. Is g a prime number?
False
Let a be ((-12)/10)/(((-21)/70)/(-1)). Let d be ((-63)/(-14))/((-6)/a). Suppose -d*u + 0 = -1023. Is u prime?
False
Let p be ((-10)/(-20))/((-1)/(-4)). Suppose 2*t - 3002 = -7*n + p*n, 4*n = -2*t + 3006. Is t prime?
True
Let y(l) = -429*l**3 - l**2 + 3*l - 2. Let q be y(1). Let c = -260 - q. Is c a composite number?
True
Let s be 3 - (-368)/(24/6). Let f = 330 + -542. Let c = s - f. Is c composite?
False
Let h(g) = 34973*g + 1141. Is h(6) prime?
False
Suppose 2*x + 26 = -3*x - 3*n, -4 = 3*x - 4*n. Is 6/2 + (-60292)/x + -3 a composite number?
False
Suppose 2*j + 9 = t + 3*j, 2*j = -4. Suppose -3*v = 4*w - 23, v + t = -2*w + 4*v. Is 3 + 6/w*4432/24 prime?
True
Is (-196)/(-126)*-9 + 943507 composite?
True
Let r(d) = 77*d**2 - 109*d - 655. Is r(-37) a prime number?
True
Let c(h) = -h**3 + 9*h**2 + 23*h - 7. Let r be c(11). Suppose 4*q = 5*m - 12098 + 3557, 2*m - 3414 = r*q. Is m prime?
True
Let o(h) = 1382*h**2 - 17*h - 191. Is o(-12) composite?
False
Let g = -55 + 58. Suppose 0*d = -g*d + 8451. Let m = d - 1446. Is m a prime number?
False
Let v be -4 + (-3 - -2) + 9. Suppose 0 = 5*j + 3*u - 0*u - 692, -v*j + 3*u = -559. Suppose -3*r - 5*f = -j, 0 = 3*f - 6*f + 6. Is r prime?
True
Let v(f) = -3781*f - 16467. Is v(-14) composite?
False
Let s(p) = -862*p + 2479*p + 6 - 3. Let c be s(-8). Is (-2)/(-1)*(c/6)/(-9) prime?
True
Let t = 37847 - 21918. Is t a prime number?
False
Let f = -245 + 252. Suppose -f*h - m = -3*h - 14848, 4*h - 2*m - 14860 = 0. Is h prime?
False
Is 140/(-245) + 3 + (-65664)/(-7) composite?
True
Suppose 10*j = -0*j + 60. Let h(x) = -10*x**3 - 7*x**2 - 3*x - 8. Let s be h(j). Let o = -333 - s. Is o prime?
False
Let z = -19347 - -51094. Is z a composite number?
True
Let q = -65 - -65. Suppose 4*r + q*l = l - 244, 292 = -5*r - 2*l. Is (-19210)/(-12) + (-10)/r a prime number?
True
Suppose -b + 3 = -2*b. Let h be 24/16 - b/2. Suppose -h*n + 2*n + 2487 = 0. Is n composite?
True
Let b = 1091 - 773. Suppose 2*s - 799 = -4*h - 179, 0 = 2*h - s - b. Is h a prime number?
True
Suppose 0 = -2*l + 3*k + 2*k + 26909, 26916 = 2*l + 2*k. Suppose 0*n + 6721 = 2*r + 3*n, -4*r - n + l = 0. Is r a prime number?
False
Suppose 3*a = 15, 3*w - 67 = -8*a + 3*a. Suppose w*f - 9*f = -30. Let t(h) = -167*h + 9. Is t(f) a composite number?
True
Let q(n) = n**3 + 9*n**2 + 15*n - 18. Let l be q(-6). Suppose 2*z - 3*z + 9995 = l. Is z a prime number?
False
Is 42691/((-18)/(-72)*4) a composite number?
True
Suppose 63*c = 248*c - 15277855. Is c a composite number?
True
Let u(t) = -217*t - 1257. Is u(-82) prime?
False
Suppose -3*x + 1504967 = 3*y + 537140, 4*y - 967833 = -3*x. Is x a composite number?
True
Is 2/(-7) + (-2491064)/(-56) a composite number?
False
Suppose 46*o + 155448 = -5*o. Suppose j + j + 3394 = 3*v, -3*j - 5097 = -3*v. Let m = j - o. Is m composite?
True
Suppose -2 = -48*p + 50*p. Is (p/4)/(3 + 7540/(-2512)) a composite number?
False
Let k be 0*((-8)/(-6) - 1). Let t be 20 + (k/2 - -4). Is t/(-56) - 7580/(-14) a composite number?
False
Let h be 48/(-36) - 9/(54/(-20)). Suppose 34*y + h*y = 90756. Is y prime?
True
Let a(v) = -v**3 + 48*v**2 - 91*v + 16. Let u be a(42). Is -17 + u + 0*(-3)/6 composite?
False
Suppose 0 = -o + 1982 + 517. Let w(n) = 10*n**2 + 88*n - 2. Let f be w(-18). Let b = o + f. Is b a prime number?
True
Is (16 + 15658)*(-29)/(-2) - (3 + 1) composite?
True
Suppose 4*n + 39317 = 208001. Is n a composite number?
True
Let t = 178807 + -105408. Is t composite?
True
Let m(z) = 18484*z - 485. Is m(7) composite?
False
Suppose 0 = -14*s + 10*s - 10632. Suppose -b - 16863 = -4*b. Let l = s + b. Is l prime?
True
Let r be 76/6*-3 - (0 - -3). Let x = -37 - r. Suppose 3*d - 1925 = 6*h - 2*h, -5*h - 2565 = -x*d. Is d composite?
True
Suppose w - 3*n = 1189752, -34*w + 32*w + 2379490 = -4*n. Is w prime?
False
Let v = -27259 - -38400. Let s = v - -11064. Is s a composite number?
True
Suppose -4*y + 51 = 2*c + c, -y = -3*c - 24. Is 65/26*1338/y a composite number?
False
Let m(d) = 532*d**3 - 5*d**2 + 12*d - 14. Is m(3) composite?
False
Suppose -86 = 2*d + 2*x - 692, -d + 3*x + 319 = 0. Is d a composite number?
False
Let n = -80 + 97. Suppose -26*h = -n*h - 27. Suppose 101 = h*s + 2*f, -89 - 10 = -3*s - 3*f. Is s composite?
True
Is ((-43782)/(-12))/((-1)/(-3) + (-44)/168) a composite number?
True
Suppose -5*m - 3*y + 450 = 0, -m + 4*y = -0*y - 90. Suppose -211 - m = -7*n. Let u = n + 334. Is u a prime number?
False
Let r = 3122 + 28313. Is r a prime number?
False
Suppose -2*v = 2*v - 12. Suppose 4*j + 8*j = 24444. Is j/v*(-1 - -2) a prime number?
False
Let h(w) = 3*w - 54. Suppose -c - 3 = -2*c - 4*p, 5*c = 4*p + 111. Let b be h(c). Let y(t) = 562*t + 7. Is y(b) composite?
False
Is ((-67)/(-2))/(54/(-513) + 8295/78622) a composite number?
True
Let f be 11/((-55)/15) + 4579. Let z = f + -199. Is z a prime number?
False
Suppose 2*k - 3165 = -d, 5*d + 1 = 4*d. Let a = 5220 + k. Is a composite?
False
Let a be 14000/84 - ((-4)/(-6) - 0). Let m = a - -33. Let y = -142 + m. Is y composite?
True
Is ((-450)/100)/(((-45)/413382)/5) a prime number?
False
Let a(y) = -12*y + 4 - y**3 + 2*y - 2*y**2 + 11*y. Let n be a(-3). Suppose 9*d - n*d = -622. Is d prime?
False
Suppose -908384 = -9*c + 107095. Is c prime?
True
Suppose 3*i = 3*z - 12, 0 = i + 3 - 4. Is (-1)/((-4)/(-232))*-82 - z a composite number?
False
Suppose 6*k - 2*k = 120. Suppose -k*y + 21*y = -11295. Is y prime?
False
Suppose 7*f + 131 = 3*f - 3*n, 0 = -f + n - 31. Let a be ((-10)/6)/(f/(-672)). Let d = 164 + a. Is d composite?
True
Suppose -4*i + 4 + 20 = 4*n, 0 = 2*n - 4*i - 6. Suppose -4*p + n*f + 10684 = 0, 0 = -2*p + 2*f + 4758 + 584. Is p prime?
True
Let r(a) = 210 - 16*a - 2*a**3 + 0*a**3 - 15*a**2 - 208. Is r(-19) a prime number?
True
Suppose m - 241468 = -7*m + 882892. Is m prime?
False
Let k = 89716 + -40646. Let q = -34789 + k. Is q a prime number?
True
Let w(u) = -807*u - 101. Let k = 229 + -233. Is w(k) prime?
False
Let a = -876661 - -1243858. Is a composite?
True
Let c(z) = z**2 - 321*z + 145461. Is c(0) a prime number?
False
Let t = 2093140 - 163437. Is t a prime number?
False
Suppose 3*x + 336 = 5*i, -x - 3*i - 123 = -i. Let r = -113 - x. Is -670*(18/r)/(-9) a prime number?
False
Suppose 5*z + 19 + 1 = 0. Suppose 7*